{"id":268,"date":"2018-05-30T18:29:59","date_gmt":"2018-05-30T16:29:59","guid":{"rendered":"http:\/\/www.burgbucherbach.de\/audioguide\/?page_id=268"},"modified":"2022-03-06T16:06:39","modified_gmt":"2022-03-06T15:06:39","slug":"datenschutz","status":"publish","type":"page","link":"https:\/\/www.burgbucherbach.de\/audioguide\/impressum\/datenschutz\/","title":{"rendered":"Datenschutz"},"content":{"rendered":"<h2>Disclaimer \u2013 rechtliche Hinweise<\/h2>\n<p>\u00a7 1 Warnhinweis zu Inhalten<br \/>\nDie kostenlosen und frei zug\u00e4nglichen Inhalte dieser Webseite wurden mit gr\u00f6\u00dftm\u00f6glicher Sorgfalt erstellt. Der Anbieter dieser Webseite \u00fcbernimmt jedoch keine Gew\u00e4hr f\u00fcr die Richtigkeit und Aktualit\u00e4t der bereitgestellten kostenlosen und frei zug\u00e4nglichen journalistischen Ratgeber und Nachrichten. Namentlich gekennzeichnete Beitr\u00e4ge geben die Meinung des jeweiligen Autors und nicht immer die Meinung des Anbieters wieder. Allein durch den Aufruf der kostenlosen und frei zug\u00e4nglichen Inhalte kommt keinerlei Vertragsverh\u00e4ltnis zwischen dem Nutzer und dem Anbieter zustande, insoweit fehlt es am Rechtsbindungswillen des Anbieters.<\/p>\n<p>\u00a7 2 Externe Links<br \/>\nDiese Website enth\u00e4lt Verkn\u00fcpfungen zu Websites Dritter (&#8222;externe Links&#8220;). Diese Websites unterliegen der Haftung der jeweiligen Betreiber. Der Anbieter hat bei der erstmaligen Verkn\u00fcpfung der externen Links die fremden Inhalte daraufhin \u00fcberpr\u00fcft, ob etwaige Rechtsverst\u00f6\u00dfe bestehen. Zu dem Zeitpunkt waren keine Rechtsverst\u00f6\u00dfe ersichtlich. Der Anbieter hat keinerlei Einfluss auf die aktuelle und zuk\u00fcnftige Gestaltung und auf die Inhalte der verkn\u00fcpften Seiten. Das Setzen von externen Links bedeutet nicht, dass sich der Anbieter die hinter dem Verweis oder Link liegenden Inhalte zu Eigen macht. Eine st\u00e4ndige Kontrolle der externen Links ist f\u00fcr den Anbieter ohne konkrete Hinweise auf Rechtsverst\u00f6\u00dfe nicht zumutbar. Bei Kenntnis von Rechtsverst\u00f6\u00dfen werden jedoch derartige externe Links unverz\u00fcglich gel\u00f6scht.<\/p>\n<p>\u00a7 3 Urheber- und Leistungsschutzrechte<br \/>\nDie auf dieser Website ver\u00f6ffentlichten Inhalte unterliegen dem deutschen Urheber- und Leistungsschutzrecht. Jede vom deutschen Urheber- und Leistungsschutzrecht nicht zugelassene Verwertung bedarf der vorherigen schriftlichen Zustimmung des Anbieters oder jeweiligen Rechteinhabers. Dies gilt insbesondere f\u00fcr Vervielf\u00e4ltigung, Bearbeitung, \u00dcbersetzung, Einspeicherung, Verarbeitung bzw. Wiedergabe von Inhalten in Datenbanken oder anderen elektronischen Medien und Systemen. Inhalte und Rechte Dritter sind dabei als solche gekennzeichnet. Die unerlaubte Vervielf\u00e4ltigung oder Weitergabe einzelner Inhalte oder kompletter Seiten ist nicht gestattet und strafbar. Lediglich die Herstellung von Kopien und Downloads f\u00fcr den pers\u00f6nlichen, privaten und nicht kommerziellen Gebrauch ist erlaubt.<\/p>\n<p>Die Darstellung dieser Website in fremden Frames ist nur mit schriftlicher Erlaubnis zul\u00e4ssig.<\/p>\n<p>\u00a7 4 Besondere Nutzungsbedingungen<br \/>\nSoweit besondere Bedingungen f\u00fcr einzelne Nutzungen dieser Website von den vorgenannten Paragraphen abweichen, wird an entsprechender Stelle ausdr\u00fccklich darauf hingewiesen. In diesem Falle gelten im jeweiligen Einzelfall die besonderen Nutzungsbedingungen.<\/p>\n<h2><\/h2>\n<h2>Datenschutzerkl\u00e4rung:<\/h2>\n<p>Diese Seite wird von der <strong>Interessengemeinschaft Burg Bucherbach e.V.<\/strong> betrieben. Der Schutz Ihrer personenbezogenen Daten ist uns sehr wichtig.<\/p>\n<p>Nachfolgend m\u00f6chten wir Sie \u00fcber unsere Datenschutzerkl\u00e4rung informieren. Sie finden hier Informationen \u00fcber die Erhebung und Verwendung pers\u00f6nlicher Daten bei der Nutzung unserer Webseite. Wir beachten dabei die seit 25.05.2018 g\u00fcltige <strong><a title=\" Datenschutz-Grundverordnung DSGVO\" href=\"https:\/\/dsgvo-gesetz.de\/\" target=\"_blank\" rel=\"alternate noopener\"> Datenschutz-Grundverordnung DSGVO<\/a><\/strong> und das f\u00fcr Deutschland geltende Datenschutzrecht. Sie k\u00f6nnen diese Erkl\u00e4rung jederzeit auf unserer Webseite abrufen.<\/p>\n<p>Wir weisen ausdr\u00fccklich darauf hin, dass die Daten\u00fcbertragung im Internet (z.B. bei der Kommunikation per E-Mail) Sicherheitsl\u00fccken aufweisen und nicht l\u00fcckenlos vor dem Zugriff durch Dritte gesch\u00fctzt werden kann.<\/p>\n<p><strong>Verantwortlicher f\u00fcr die Verarbeitung von personenbezogenen Daten auf dieser Website ist:<\/strong><\/p>\n<p>Interessengemeinschaft Burg Bucherbach e.V.<\/p>\n<p>Matthias-Nickels-Str. 16<br \/>\nD-66346 P\u00fcttlingen<\/p>\n<p>E-Mail: <strong><span id=\"cloak613e0a925938eaf19955ec0c89a041cf\"><a href=\"mailto:info@burgbucherbach.de\">info@burgbucherbach.de<\/a><\/span><\/strong><\/p>\n<p>Sie k\u00f6nnen sich bei Fragen zum Datenschutz auch jederzeit unter <span id=\"cloak7fb7f6507e7a263e904eda131e4a2b5b\"><a href=\"mailto:info@burgbucherbach.de\" rel=\"alternate\">info@burgbucherbach.de<\/a><\/span> an uns wenden.<\/p>\n<p><em>Die Verwendung der Kontaktdaten unseres Impressums zur gewerblichen Werbung ist ausdr\u00fccklich nicht erw\u00fcnscht, es sei denn wir hatten zuvor unsere schriftliche Einwilligung erteilt oder es besteht bereits eine Gesch\u00e4ftsbeziehung. Der Anbieter und alle auf dieser Website genannten Personen widersprechen hiermit jeder kommerziellen Verwendung und Weitergabe ihrer Daten.<\/em><\/p>\n<p><b>Cookies<\/b><\/p>\n<p>Unsere Website verwenden Cookies. Cookies sind Textdateien, welche \u00fcber einen Internetbrowser auf einem Computersystem abgelegt und gespeichert werden.<\/p>\n<p>Jeder Besucher unserer Website kann das setzen von Cookies durch unsere Internetseite jederzeit mittels einer entsprechenden Einstellung des genutzten Internetbrowsers verhindern und damit der Setzung von Cookies dauerhaft widersprechen. Ferner k\u00f6nnen bereits gesetzte Cookies jederzeit \u00fcber einen Internetbrowser oder andere Softwareprogramme gel\u00f6scht werden. Dies ist in allen g\u00e4ngigen Internetbrowsern m\u00f6glich. Deaktivieren Sie die Setzung von Cookies in dem genutzten Internetbrowser, k\u00f6nnen Sie unserer Website ohne Einschr\u00e4nkungen weiter nutzen.<\/p>\n<p><strong>Personenbezogene Daten<\/strong><\/p>\n<p>Sie k\u00f6nnen unsere Webseite ohne Angabe personenbezogener Daten\u00a0(wie Name, Anschrift oder E-Mail Adresse) besuchen.<\/p>\n<p><strong>Erheben und verwenden nicht personenbezogener Daten<\/strong><\/p>\n<p>Wenn Sie diese Website nutzen, ohne anderweitig (z.B. durch Registrierung) Daten an uns zu \u00fcbermitteln, erheben wir nur technisch notwendige Daten, die automatisch durch Ihren Browser an unseren Server \u00fcbermittelt werden<\/p>\n<p>&#8211; IP Adresse<\/p>\n<p>&#8211; Ihr Browsertyp \/ Version<\/p>\n<p>&#8211; Ihr Betriebssystem<\/p>\n<p>&#8211; Ihr Internet Service-Provider<\/p>\n<p>&#8211; Datum \/ Zeit des Zugriffes<\/p>\n<p>&#8211; Websites von dem Sie auf unsere Website gelangen<\/p>\n<p>&#8211; Websites die Sie von unserer Website aufrufen<\/p>\n<p>Dies ist technisch erforderlich, um Ihnen unsere Website anzeigen zu k\u00f6nnen. Soweit davon personenbezogene Daten betroffen sind, ist Art. 6 Abs. 1 lit. f DSGVO Rechtsgrundlage f\u00fcr die Erhebung. Eine Zusammenf\u00fchrung dieser Daten mit anderen Datenquellen wird nicht vorgenommen. Wir behalten uns vor, diese Daten nachtr\u00e4glich zu pr\u00fcfen, wenn uns konkrete Anhaltspunkte f\u00fcr eine rechtswidrige Nutzung bekannt werden.<\/p>\n<p><em><strong>Unsere Website liegt auf einem Server von:<\/strong><\/em><\/p>\n<p>evanzo e-commerce GmbH<br \/>\nStromstra\u00dfe 1-5<br \/>\n10555 Berlin<\/p>\n<p>Internet: <a href=\"http:\/\/www.evanzo.de\" target=\"_blank\" rel=\"alternate noopener\">www.evanzo.de<\/a><\/p>\n<p>Das von uns bei evanzo ecommerce GmbH gebuchte Hostingpaket enth\u00e4llt Infrastruktur- und Plattformdienstleistungen, Rechenkapazit\u00e4t, Speicherplatz und Datenbankdienste, E-Mail-Versand, Sicherheitsleistungen sowie technische Wartungsleistungen, die wir zum Betriebs unserer Website ben\u00f6tigen.<\/p>\n<p><strong>Einsatz von Google Analytics<br \/>\n<\/strong><\/p>\n<p>www.burgbucherbach.de\/audioguide (diese Seite) benutzt Google Analytics, einen Webanalysedienst der Google Inc. (&#8222;Google&#8220;). Google Analytics verwendet sog. &#8222;Cookies&#8220;, Textdateien, die auf Ihrem Computer gespeichert werden und die eine Analyse der Benutzung der Website durch Sie erm\u00f6glicht. Die durch den Cookie erzeugten Informationen \u00fcber Ihre Benutzung diese Website (in anonymisierter Form, Ihre IP-Adresse wird maskiert und nur ein Teil davon wird f\u00fcr das Geotargeting verwendet) wird an einen Server von Google in den USA \u00fcbertragen und dort gespeichert. Google wird diese Informationen benutzen, um Ihre Nutzung der Website auszuwerten, um Reports \u00fcber die Websiteaktivit\u00e4ten f\u00fcr die Websitebetreiber zusammenzustellen und um weitere mit der Websitenutzung und der Internetnutzung verbundene Dienstleistungen zu erbringen. Auch wird Google diese Informationen gegebenenfalls an Dritte \u00fcbertragen, sofern dies gesetzlich vorgeschrieben oder soweit Dritte diese Daten im Auftrag von Google verarbeiten. Google wird in keinem Fall Ihre IP-Adresse mit anderen Daten der Google Inc. in Verbindung bringen. Sie k\u00f6nnen die Installation der Cookies durch eine entsprechende Einstellung Ihrer Browser Software verhindern; wir weisen Sie jedoch darauf hin, dass Sie in diesem Fall gegebenenfalls nicht s\u00e4mtliche Funktionen dieser Website voll umf\u00e4nglich nutzen k\u00f6nnen. Durch die Nutzung dieser Website erkl\u00e4ren Sie sich mit der Bearbeitung der \u00fcber Sie erhobenen Daten durch Google in der zuvor beschriebenen Art und Weise und zu dem zuvor benannten Zweck einverstanden. Der Datenerhebung und -speicherung kann jederzeit mit Wirkung f\u00fcr die Zukunft widersprochen [ <a href=\"https:\/\/tools.google.com\/dlpage\/gaoptout?hl=de\" target=\"_blank\" rel=\"noopener\">tools.google.com\/dlpage\/gaoptout?hl=de<\/a> ] werden. Angesichts der Diskussion um den Einsatz von Analysetools mit vollst\u00e4ndigen IP-Adressen m\u00f6chten wir darauf hinweisen, dass diese Website Google Analytics mit der Erweiterung \u201e_anonymizeIp()\u201c verwendet und daher IP-Adressen nur gek\u00fcrzt weiterverarbeitet werden, um eine direkte Personenbeziehbarkeit auszuschlie\u00dfen.\u201c<\/p>\n<p><strong>Google Fonts<\/strong><\/p>\n<p>Wir binden die Schriftarten (&#8222;Google Fonts&#8220;) des Anbieters Google LLC, 1600 Amphitheatre Parkway, Mountain View, CA 94043, USA, ein. Datenschutzerkl\u00e4rung: <a href=\"https:\/\/www.google.com\/policies\/privacy\/\" target=\"_blank\" rel=\"noopener\">https:\/\/www.google.com\/policies\/privacy\/<\/a>, Opt-Out: <a href=\"https:\/\/adssettings.google.com\/authenticated\" target=\"_blank\" rel=\"noopener\">https:\/\/adssettings.google.com\/authenticated<\/a>.<\/p>\n<p><strong>Auskunftsrecht<\/strong><\/p>\n<p>Sie haben das jederzeitige Recht, sich unentgeltlich und unverz\u00fcglich \u00fcber die zu Ihrer Person erhobenen Daten zu erkundigen. Sie haben das jederzeitige Recht, Ihre Zustimmung zur Verwendung Ihrer angegeben pers\u00f6nlichen Daten mit Wirkung f\u00fcr die Zukunft zu widerrufen. Zur Auskunftserteilung wenden Sie sich bitte an den Anbieter unter den Kontaktdaten im <strong><a href=\"http:\/\/www.burgbucherbach.de\/index.php\/kontakt\/impressum\">Impressum<\/a><\/strong>.<\/p>\n<p><strong>Hier noch ein paar Links zu weiteren Informationen \u00fcber die DSGVO:<\/strong><\/p>\n<p><strong>&#8211; <\/strong><a href=\"https:\/\/dsgvo-gesetz.de\/\" target=\"_blank\" rel=\"alternate noopener\"><span class=\"dsgvo-number\">Datenschutz-Grundverordnung <\/span>DSGVO<\/a><\/p>\n<p><strong>&#8211;\u00a0<\/strong><a href=\"http:\/\/www.bfdi.bund.de\" target=\"_blank\" rel=\"alternate noopener\">Bundesbeauftragten f\u00fcr den Datenschutz und die Informationsfreiheit<\/a><\/p>\n","protected":false},"excerpt":{"rendered":"<p>Disclaimer \u2013 rechtliche Hinweise \u00a7 1 Warnhinweis zu Inhalten Die kostenlosen und frei zug\u00e4nglichen Inhalte dieser Webseite wurden mit gr\u00f6\u00dftm\u00f6glicher Sorgfalt erstellt. Der Anbieter dieser Webseite \u00fcbernimmt jedoch keine Gew\u00e4hr f\u00fcr die Richtigkeit und Aktualit\u00e4t der bereitgestellten kostenlosen und frei zug\u00e4nglichen journalistischen Ratgeber und Nachrichten. Namentlich gekennzeichnete Beitr\u00e4ge geben die Meinung des jeweiligen Autors und&hellip; <a class=\"read-more\" href=\"https:\/\/www.burgbucherbach.de\/audioguide\/impressum\/datenschutz\/\" title=\"Read Datenschutz\">Read more &raquo;<\/a><\/p>\n","protected":false},"author":3,"featured_media":0,"parent":259,"menu_order":0,"comment_status":"closed","ping_status":"closed","template":"","meta":{"footnotes":""},"_links":{"self":[{"href":"https:\/\/www.burgbucherbach.de\/audioguide\/wp-json\/wp\/v2\/pages\/268"}],"collection":[{"href":"https:\/\/www.burgbucherbach.de\/audioguide\/wp-json\/wp\/v2\/pages"}],"about":[{"href":"https:\/\/www.burgbucherbach.de\/audioguide\/wp-json\/wp\/v2\/types\/page"}],"author":[{"embeddable":true,"href":"https:\/\/www.burgbucherbach.de\/audioguide\/wp-json\/wp\/v2\/users\/3"}],"replies":[{"embeddable":true,"href":"https:\/\/www.burgbucherbach.de\/audioguide\/wp-json\/wp\/v2\/comments?post=268"}],"version-history":[{"count":14,"href":"https:\/\/www.burgbucherbach.de\/audioguide\/wp-json\/wp\/v2\/pages\/268\/revisions"}],"predecessor-version":[{"id":377,"href":"https:\/\/www.burgbucherbach.de\/audioguide\/wp-json\/wp\/v2\/pages\/268\/revisions\/377"}],"up":[{"embeddable":true,"href":"https:\/\/www.burgbucherbach.de\/audioguide\/wp-json\/wp\/v2\/pages\/259"}],"wp:attachment":[{"href":"https:\/\/www.burgbucherbach.de\/audioguide\/wp-json\/wp\/v2\/media?parent=268"}],"curies":[{"name":"wp","href":"https:\/\/api.w.org\/{rel}","templated":true}]}}